 What is the highest common factor of s and 25?
5
Let a = -7 - -9. Let k be ((-6)/(-15))/(a/40). Calculate the highest common divisor of k and 1.
1
Let h be (-468)/(-18) - (-4)/(-2). Let z be 3/9 - (-107)/3. Calculate the greatest common factor of z and h.
12
Suppose 0 = -5*l - 5*q - 225, -5*l - 125 = -q + 70. Let u be (-3 + 0)*l/(-6). Let z = 40 + u. What is the highest common factor of z and 220?
20
Suppose 5*a - 49 = h, 23 = -4*a + h + 63. Suppose 2*v - 7*v + 2*u + 231 = 0, -3*u - 234 = -5*v. What is the highest common factor of v and a?
9
Suppose 3*l - 1 = x, -8 = -4*l - 4. Suppose 5*v - 6*o - 177 = -2*o, 0 = -x*v + 2*o + 70. Let g = v - 26. Calculate the greatest common factor of 55 and g.
11
Let n = -5 - -7. Suppose -3*t + n*t = 0. Let s be (2 - 0 - 1) + t. What is the highest common divisor of 11 and s?
1
Suppose -5*n + 84 = -4*u, -48 = -3*n + 4*u - u. What is the greatest common factor of n and 140?
20
Let m be (-7 - 1)*(-6)/12. Let c = 0 - -20. Calculate the highest common divisor of m and c.
4
Suppose 0 = -7*h + 187 + 58. Calculate the greatest common factor of 105 and h.
35
Let i(c) = -7*c**3 - 7*c - 12. Let k be i(-3). What is the highest common divisor of 18 and k?
18
Let x(m) = -m**3 - 3*m**2 + 7*m + 7. Let a be x(-5). Suppose c - a - 14 = 0. Let i be 2/8 - 47/(-4). Calculate the highest common factor of c and i.
12
Suppose 2*c + 5 = 5*l, 2*l + c - 1 = -8. Let s = 37 + l. Calculate the highest common divisor of s and 24.
12
Let k(i) = -i**2 - 3*i**2 - 1 + i + 7*i**2. Let y(w) = -w**2 - 2*w - 2. Let t be y(-2). Let n be k(t). Calculate the greatest common factor of 81 and n.
9
Let q(s) = 2*s - 8. Let d be q(5). Calculate the greatest common factor of d and 10.
2
Suppose -l + 2*z - 40 = 0, z = -2*l - 2*l - 142. Let j = -44 - -20. Let g = j - l. Calculate the greatest common factor of 48 and g.
12
Let x(f) = 2*f**2 + 10*f - 6. Let g be x(-8). Suppose 2*p - 46 = 80. What is the highest common divisor of g and p?
21
Let w be (7/(-2))/((-1)/2). Let b(i) = 8*i - 16. Let s be b(w). Calculate the highest common factor of 16 and s.
8
Suppose -4*u = -u - 24. Let o(a) = a - 2. Let l be o(u). Let h = -8 - -56. Calculate the highest common factor of h and l.
6
Suppose 5 = g, -5*h + 17 = -6*h + 3*g. Let b be (-35)/h + 2/4. Let w be (-492)/(-27) - 4/b. Calculate the greatest common divisor of w and 6.
6
Let i(n) = -150*n - 1. Let f be i(-5). Let p = f + -378. Suppose -m - 302 = -3*l, 5*m = -9*l + 5*l + p. What is the greatest common divisor of 9 and l?
9
Suppose j + 0*j - g = 167, 0 = 2*g + 4. What is the highest common divisor of 15 and j?
15
Let t(c) = c**3 - 6*c**2 - 9*c + 8. Let u be t(7). Let g = 19 + u. Let z be 2*(-6)/8*-26. What is the greatest common factor of z and g?
13
Let x(b) = 7*b**2. Let s be x(1). Suppose -6*d = -3*d + 249. Let t be (-2)/(-8) + d/(-4). What is the highest common factor of t and s?
7
Let l be (3/(-6))/((-2)/148). Let s = 103 - l. Calculate the highest common factor of 6 and s.
6
Let k(h) = 4 + 2 + h + 5. Let a be k(-10). Let b(s) = 32*s. Let u be b(a). Calculate the highest common divisor of u and 4.
4
Suppose 8 = n + n. Suppose 4 + 4 = n*p. Suppose -28 = -q + p*w, 4*q + w - 104 = 5*w. Calculate the greatest common factor of 48 and q.
24
Let d(m) = 2*m**2 - 14*m - 10. Let t be d(8). Suppose -w = -b + 9, -4 = 2*w + 5*b - 0*b. Let o = w - -10. Calculate the highest common factor of t and o.
3
Let a = -68 + 118. Suppose 0 = 2*c - c - a. Suppose 5*k = 3*b - 6*b + 22, 0 = -5*b + 5*k + c. Calculate the highest common divisor of 27 and b.
9
Suppose -11*i - 16 = -15*i. Calculate the highest common divisor of i and 108.
4
Suppose l - 31 = 5*x, -4*x + 5*l - 8 + 0 = 0. Let r = x - -13. Let i be 3/r*10 + 2. What is the highest common factor of 7 and i?
7
Suppose 5*v - 3*s - 51 = 0, 2*v - 27 = v - 5*s. What is the greatest common divisor of 12 and v?
12
Suppose -3*h - 137 = -5*m, -2*h + 3*h = 1. What is the greatest common divisor of m and 8?
4
Let c be (-156)/(-15) - 6/15. Let v be ((-13)/2)/(c/(-40)). Calculate the highest common factor of 39 and v.
13
Let g = -24 + 37. What is the greatest common factor of 39 and g?
13
Suppose 5*x - 26 = 29. Let l(c) = 2*c. Let t be l(1). Suppose u + 0 - t = -v, 0 = -5*v - 4*u + x. Calculate the highest common factor of v and 27.
3
Suppose 0 = -2*a - 2*a + 108. Calculate the highest common divisor of 108 and a.
27
Let d be 7/(10/9 + -1). Suppose 5*i = -4*b + 210, 4*i + 3*b - 168 = -2*b. Calculate the greatest common divisor of d and i.
21
Let b(k) = -k - 1. Let m be b(3). Let a = m - -7. What is the highest common factor of 2 and a?
1
Let c be (-44)/(-3) + (-5)/(-15). Calculate the greatest common divisor of c and 165.
15
Let l(n) = 2*n**2 - 3*n - 3. Let d be l(-2). Calculate the greatest common factor of d and 88.
11
Suppose 61 + 95 = 3*d. What is the highest common factor of d and 78?
26
Suppose -4*z + a = 6*a - 45, -3*a + 40 = 5*z. Let k be 5/1 - (-1 + 4). Calculate the greatest common factor of z and k.
1
Let j(i) = 4*i**2 - 7*i - 7. Let k be j(6). Suppose 5*c - 25 = 0, 5*f - k = -0*c - 5*c. What is the highest common divisor of f and 70?
14
Let x(w) = w**3 + 12*w**2 - 2*w - 17. Suppose 5*g + 5 = -b - 22, 5*b - 5*g + 45 = 0. Let h be x(b). What is the highest common factor of h and 63?
7
Let w be ((-2*1)/1)/(-2). Let x be 8/(-1)*w/2. Let c = x + 12. What is the highest common factor of c and 8?
8
Let o = 2805 + -1913. Let y be 2/5 - o/(-20). What is the greatest common factor of y and 18?
9
Let i(q) = q**3 + 6*q**2 + 4*q - 2. Let s be i(-5). Suppose -s*v + 2 = -2*v. Let g be 7 + 0 + 0 + -1. Calculate the highest common factor of g and v.
2
Let c = 4 + 5. Let s be 2/(-2) + c - 0. Suppose 6*y + 45 = 2*g + y, 101 = 5*g - y. What is the greatest common factor of g and s?
4
Let j be (2/(-3))/(1/(-6)). Suppose -2*w - 12 = -j, 2*w - 408 = -4*d. What is the highest common divisor of d and 26?
26
Let i = 6 - -1. Suppose -i*k + 8*k - 55 = 0. What is the greatest common factor of 11 and k?
11
Let i be -1 - (0 + -138)/2. Suppose h - 3*h + 68 = 3*x, -i = -2*h - 5*x. Calculate the highest common factor of h and 51.
17
Let j = -40 + 63. Calculate the greatest common factor of 253 and j.
23
Let h(k) = k + 18. Let y be h(-10). Suppose 34 - 2 = 4*a. What is the greatest common divisor of y and a?
8
Suppose -b - 186 = -3*b. Suppose k + 2*u = b, 0 = 4*u - 12. Let v = k + -51. Calculate the greatest common factor of v and 90.
18
Suppose -5*i - 8*m + 45 = -4*m, -12 = i + 5*m. What is the highest common factor of i and 65?
13
Let p = 8 + 1. Suppose 3*a - 3*c = a + 21, -13 = 4*a + 5*c. Suppose 0 = a*m - 3. Calculate the greatest common factor of p and m.
1
Suppose 0 = -4*v + 59 + 13. Calculate the highest common divisor of v and 27.
9
Let d(k) = -k**2 - 6*k + 7. Let t be d(-5). What is the highest common factor of 2 and t?
2
Suppose 4*j - 87 = 17. Calculate the highest common divisor of j and 39.
13
Let j be (-55 + -1)/(-2) - 1/1. Calculate the greatest common divisor of 3 and j.
3
Let c be (-19)/(-2) + (-7)/14. Calculate the greatest common divisor of c and 1.
1
Suppose a + 8 = 3*q - 14, 2*a = -q - 16. Let l = 7 - -11. Let t = a + l. What is the greatest common divisor of t and 1?
1
Suppose 14 + 51 = 5*l. Let o(j) = j - 1. Let b be o(l). Calculate the highest common divisor of b and 4.
4
Suppose 3*v - 3*y = -57, 2*y - 6 - 11 = v. Let q = -11 - v. Calculate the greatest common divisor of q and 40.
10
Suppose -11*m - 4 = -13*m. Let n be m - (-187 + (2 - 2)). What is the greatest common factor of n and 21?
21
Suppose -2*v - 2*v + 36 = 0. Let i be v*2*(-6)/(-4). What is the greatest common factor of 3 and i?
3
Let q(m) be the first derivative of -m**3/3 + m**2/2 + 70*m - 4. Let l be q(0). Calculate the greatest common factor of l and 28.
14
Suppose 0 = -10*n + 5*n + 200. Let z be (-1)/((-2)/n)*1. What is the highest common divisor of 30 and z?
10
Let n(o) = 41*o + 3. Let y be n(-3). Let w = 173 + y. Let x = w - 21. Calculate the highest common factor of x and 80.
16
Let g = 16 + -16. Let q(y) = 14 + y + 109 + 31. Let o be q(g). What is the highest common divisor of o and 14?
14
Let o(c) = c + 8. Let z be o(4). What is the greatest common divisor of z and 48?
12
Let q(n) = n**3 - 5*n**2 - 5*n + 9. Let l be q